be 2*21/(-6)*-42. Suppose -4*x + 2*x = q. What is the tens digit of 756/x*(-7 - 0)?
3
Let y = 59 - 55. Suppose -4*r + 280 = y*r. Suppose 0 = -8*i + 9*i - r. What is the units digit of i?
5
Suppose 87*r - 126331 - 1106653 = -97*r. What is the thousands digit of r?
6
Suppose 5*v - 1544 = -2*k, -4*v + 9*v = 3*k - 2291. Suppose -k = -2*g + 403. What is the hundreds digit of g?
5
Suppose q = -5*u - 113, 0 = -u - 2*u + 4*q - 77. Let i = u + 12. What is the units digit of i/((12/21)/(-4))?
7
Let f(l) = -988*l**3 - l**2 - 3*l - 3. Let h be f(-1). Suppose 57 = w - h. What is the tens digit of w?
4
Let u(p) = p**2 + 9*p - 4. Let a be u(-7). Let t be 70 + a + (4 - 0). Suppose -24*f + 20*f = -t. What is the tens digit of f?
1
Let a(d) = d**2 + 17*d - 1. Let w = 76 + -92. Let l be a(w). What is the tens digit of 1*2/((-2)/l)?
1
Let q be 38/133 - (-1)/((-14)/(-5372)). Suppose -l - 3*i - q = -4*l, -l - 3*i + 148 = 0. What is the hundreds digit of l?
1
Let j be 25/(-5)*(-6)/10. Let p(l) = 12*l**2 + l. Let v be p(j). Suppose 5*c - 4*h - 187 = 0, h - 3*h - v = -3*c. What is the units digit of c?
5
Let i be 44 + -4*5/(-10). Let u(z) = -3*z - 22*z**2 - 2 - 23*z**2 + i*z**2. What is the units digit of u(9)?
2
Suppose -542 - 514 = 8*v. Let n = v + 181. What is the units digit of n?
9
Let i(j) = -2436*j + 430. What is the units digit of i(-4)?
4
What is the thousands digit of 3*(-1 + (-11 + 35)/(10/1235))?
8
Suppose 5*d + 11 = s + 56, -4*s = -2*d + 198. Let h = s + 56. Suppose -h*l + 3*l = 2*z - 430, -4*z - 120 = -l. What is the units digit of l?
0
Suppose -4*r = -4*y - 0*y + 58060, -58033 = -4*y - 5*r. Suppose -33*t + y + 1196 = 0. What is the hundreds digit of t?
4
Suppose 20*w + 55673 = 3833. What is the tens digit of 180/(-2)*w/480?
8
Suppose -21 = l + 4*o - 49, -4*o = -12. Let s be -1 + l/(((-8)/(-116))/2). Suppose 3*f = -4*u + 623, 4*f - 6*f - s = -3*u. What is the hundreds digit of u?
1
Suppose 0*c - 224 = 4*c. Suppose 56*x + 590368 = 18*x. What is the hundreds digit of (-4)/(-7) + x/c?
2
Suppose 24 = -c + 26. Let l be (c/3)/(2/(-27)). Let f = 11 - l. What is the units digit of f?
0
Let h = 5716 - 5118. What is the units digit of h?
8
Suppose -2*f + 26704 - 10539 = -3*n, 25 = -5*n. What is the hundreds digit of f?
0
What is the hundreds digit of (-44)/(-10) + -4 + 69296/10?
9
Let h be (-4 + 3)*(-7)/(35/5). Let v(x) = -85*x**2 - 3*x + 3. Let p(d) = -170*d**2 - 6*d + 6. Let m(s) = 4*p(s) - 9*v(s). What is the units digit of m(h)?
5
Let m(q) be the first derivative of -6*q**2 - 7*q + 8. Let t(f) = -25*f - 14. Let i(l) = -13*m(l) + 6*t(l). What is the units digit of i(5)?
7
Let h(w) = -36*w**2 - 46*w + 46. Let g(y) = -7*y**2 - 9*y + 9. Let o(n) = -16*g(n) + 3*h(n). Suppose -6420 + 6388 = -8*l. What is the tens digit of o(l)?
8
Suppose 2*v - 28 = -3*n + 19, n + 5*v - 33 = 0. Suppose 6*w - n = 11. What is the units digit of w*(4 - ((-90)/8)/(-3))?
1
Suppose 12*f - 40 = -4. Let o be (-2)/(f/(-4 - -1)). Let a = o - -82. What is the units digit of a?
4
Suppose 0 = 4*j - 5*t - 35, 14*t - 15*t - 18 = -3*j. Suppose -3*i - 3848 = -j*d, -3*i + 1548 = 2*d - 2*i. What is the units digit of d?
2
Let v be (2/(-8))/((-13)/468). Let i = 42 - v. Suppose 3*c + 3 = 0, -2*c + 112 = 3*k - i. What is the tens digit of k?
4
What is the units digit of (-1836)/(-24)*30 - (0 + (-1 - -5))?
1
Suppose -2*s = 2*s - 3860. Suppose 0 = -6*z + s + 55. What is the tens digit of z?
7
Let f(l) = -5 + 34 + l**3 + 0 + 67*l**2 - 80*l**2. Let u be f(12). Let z = u + 266. What is the hundreds digit of z?
1
Suppose -78 = -19*v + 55. Suppose v*i - 5*i = -3*o + 1115, 2228 = 4*i + 4*o. What is the units digit of i?
6
Suppose 8 = -2*l - 2*l + 3*j, 4*l + j - 8 = 0. Suppose 0 = 65*a - 68*a - 27. What is the tens digit of a/12 + l - 407/(-4)?
0
Let q(b) be the second derivative of -b**5/20 + b**4 + 10*b**3/3 - 7*b**2 + b - 50. What is the tens digit of q(10)?
8
Suppose -35*o - o = 26*o - 496992. What is the thousands digit of o?
8
Let o(p) = -265*p**3 + 2*p**2 + 354*p + 2124. What is the thousands digit of o(-6)?
7
Let z(r) be the third derivative of r**6/120 - 4*r**5/15 - 3*r**4/8 - 26*r**3/3 + 2*r**2. What is the tens digit of z(17)?
8
Suppose 110*c = -95*c + 2091205. What is the units digit of c?
1
Let i = -17123 + 31133. What is the ten thousands digit of i?
1
Let u be (-1 - 0) + (1 - 0). Suppose -o - 3*o + 4 = 2*c, -3*c + 6 = u. Suppose o = 8*t - 7*t - 42. What is the units digit of t?
2
Let f(a) = -18*a**2 + 4*a - 72. Let g(p) = 21*p**2 - 5*p + 72. Let j(m) = -5*f(m) - 4*g(m). What is the thousands digit of j(16)?
1
Let n(k) = -k**2 - 7*k - 6. Let v be n(-5). Suppose -25 = -v*s - 1. What is the units digit of ((-26)/s)/(4/(-72))?
8
Let u = -45 - -33. Let h be ((-1033)/4 + (-3)/u)/(-2). Suppose h = 31*s - 28*s. What is the units digit of s?
3
Suppose -f = -5*c - 13033 - 1565, -2*c - 29212 = -2*f. What is the thousands digit of f?
4
Suppose 1 = -4*l + 3*z, -2*z + 16 = 2*l + 2*z. Let g(j) = 6*j + 2*j**2 - 4*j - 17 - l*j - 3*j. What is the tens digit of g(-6)?
7
Let d be (-2)/(-2*(3 - 4)). What is the tens digit of (1/d - -367)*4?
6
Let u = 25 + -29. Let g be (-3 - 6)*(u/12 - 0). Suppose 4*a + g*a = 224. What is the units digit of a?
2
Suppose 0 = -24*o + 275 - 35. Suppose -o = 4*l + 2, 1794 = 2*h - 4*l. What is the hundreds digit of h?
8
Let m = 1445 - -2246. What is the thousands digit of m?
3
Suppose 0 = -24*a + 16*a - 392. What is the tens digit of (-12)/(-21) + (-35938)/a?
3
Let w(i) = 5*i**2 + 23*i - 10. Let l = -49 + 42. What is the tens digit of w(l)?
7
Let c(z) = z**2 - 2*z - 4. Let y(m) = m**2 - 14*m + 60. Let w be y(14). Suppose -w = -t + 6*t. What is the tens digit of c(t)?
6
Let o(r) = 3*r**2 + 2*r + 1. Let y be o(-4). Suppose -36*f + y*f = -5*t + 825, 2*t = 4*f - 684. What is the hundreds digit of f?
1
Let u = 21984 + -5614. What is the ten thousands digit of u?
1
Let h = 84 + 126. Suppose 5*z = -3*x + h, -5*x = -5*z + 3*z + 84. Suppose j + 4*c - 52 = 0, -c - z - 5 = -j. What is the tens digit of j?
4
Let h(t) = -t**3 - 5*t**2 + 2*t - 4. Let v be h(-6). Let x be -80*-2*(-3)/(-12). Suppose -2*j + v + x = 0. What is the units digit of j?
0
Suppose -8*d + 42 = -6. Suppose -4*z - 1298 = -d*z. What is the tens digit of z?
4
Suppose 10*q = 4*q + 120. Suppose 1080 = q*b - 14*b. Let r = b - 107. What is the tens digit of r?
7
Suppose -18876 = -4*n + 4*x + 104, 5*x + 4749 = n. What is the units digit of n?
4
Suppose 0*n - 4*n = -80. Let q = 1976 + -1955. Suppose 0 = -n*t + q*t - 106. What is the units digit of t?
6
Suppose 46*g - 304641 - 64831 = 0. What is the thousands digit of g?
8
Let y = 13 - 19. Suppose 2*m - 4*b - 19 = -13, 0 = 5*m + 3*b - 41. What is the units digit of (26 - -1)*(y + m)?
7
Let r(o) = 119*o + 336. Let w be r(10). What is the tens digit of w + (-4)/8*-12?
3
Suppose 9*h = 2*c + 12*h - 12975, 0 = c + h - 6488. What is the hundreds digit of c?
4
Suppose -5*l = 3*j + 141, -2*j - 3*l - 2*l = 89. Suppose 21*f - 29*f + 24 = 0. Let i = f - j. What is the tens digit of i?
5
Let w be ((-18)/15)/((-24)/780). Let p(q) = -q. Let c be p(0). Suppose -3*n + d + 277 - w = c, -3*d + 155 = 2*n. What is the units digit of n?
9
Let m = 56737 + -32476. What is the tens digit of m?
6
Let u(i) = -i**3 + i**2 - 5*i + 3. Let a be u(0). Suppose 3*m + 271 = t, -a*t - m = -482 - 351. What is the hundreds digit of t?
2
Let n = -44608 - -91062. What is the hundreds digit of n?
4
Suppose -103 = 3*t - 5*j - 1422, 0 = -3*t - 3*j + 1359. Let x = 779 - t. What is the hundreds digit of x?
3
Let o be 1*15/5 + 158. Suppose -1859 - o = 5*z. What is the tens digit of 10/50 - z/5 - 0?
8
Let k(o) = o**3 - 54 - 47*o + 41*o**2 + 13 - 4 - 29. What is the units digit of k(-42)?
6
Suppose -20*f - 62 = -182. Let d(x) = -4*x + 68. What is the units digit of d(f)?
4
Let i be (656/4)/4 + (-6)/2. Let r = 59 - i. Suppose r*o - 339 = 18*o. What is the tens digit of o?
1
Suppose o = -8*o - 423. Suppose -2*x = 3*f - 90, 4*x + 3*f - 196 = 5*f. Let j = o + x. What is the units digit of j?
1
Suppose 0 = 16*m - 29 - 3. Suppose 332 = p + 5*a - 354, m*p + 5*a - 1362 = 0. Suppose -4*s + 164 + p = 0. What is the hundreds digit of s?
2
Suppose 5*v - 450 = 790. Suppose -1553 + v = -9*q. What is the tens digit of q?
4
What is the units digit of